{"id":12297,"date":"2024-07-15T10:57:31","date_gmt":"2024-07-15T08:57:31","guid":{"rendered":"https:\/\/botrange.be\/agenda\/nacht-der-dunkelheit-2\/"},"modified":"2024-07-15T11:02:45","modified_gmt":"2024-07-15T09:02:45","slug":"nacht-der-dunkelheit-2","status":"publish","type":"agenda","link":"https:\/\/botrange.be\/de\/agenda\/nacht-der-dunkelheit-2\/","title":{"rendered":"Nacht der Dunkelheit"},"content":{"rendered":"<p>Die diesj\u00e4hrige Ausgabe der Nacht der Dunkelheit findet am Samstag, den 12. Oktober 2024, wie jedes Jahr auf dem Gel\u00e4nde des Naturparkzentrums Botrange statt.<\/p>\n<p>La Besace, das Naturparkzentrum Botrange, die \u201eNationallotterie\u201c und ihre Partner haben, mit Unterst\u00fctzung der F\u00f6deration Wallonie-Br\u00fcssel, ein 5-Sterne-Programm f\u00fcr diese Nacht zusammengestellt:<\/p>\n<p>M\u00e4rchen- und Naturwanderungen, Ausstellungen, Sternenbeobachtung, Vortr\u00e4ge, Informationsst\u00e4nde, Basteln und Spiele f\u00fcr Kinder&#8230;<\/p>\n<p>Die \u201eNacht der Dunkelheit\u201c ist eine Veranstaltung, die auf nationaler Ebene stattfindet und spielerische und wissenschaftliche Aktivit\u00e4ten kombiniert. Gleichzeitig macht sie aufmerksam auf eine Problematik, die wir alle Tag f\u00fcr Tag erleben, aber der wir kaum Beachtung schenken: Die Besucher werden f\u00fcr die Auswirkungen der Lichtverschmutzung auf den Himmel, die Fauna und Flora sensibilisiert.<\/p>\n<p>Kommen sie zahlreich, mit Familie oder mit Freunden, und entdecken sie die Geheimnisse einer lichtlosen Nacht!<\/p>\n<p>Die Veranstaltung ist kostenlos.<\/p>\n<p>Das vollst\u00e4ndige Programm der Veranstaltung wird im Herbst 2024 hier und\/oder \u00fcber <a href=\"http:\/\/www.besace.be\">www.besace.be<\/a> ver\u00f6ffentlicht.<\/p>\n<p><img fetchpriority=\"high\" decoding=\"async\" class=\"alignnone  wp-image-12303\" src=\"https:\/\/botrange.be\/wp-content\/uploads\/2022\/06\/NdO-Affiche-HF-2024-FR-212x300.jpg\" alt=\"\" width=\"554\" height=\"784\" srcset=\"https:\/\/botrange.be\/wp-content\/uploads\/2022\/06\/NdO-Affiche-HF-2024-FR-212x300.jpg 212w, https:\/\/botrange.be\/wp-content\/uploads\/2022\/06\/NdO-Affiche-HF-2024-FR-724x1024.jpg 724w, https:\/\/botrange.be\/wp-content\/uploads\/2022\/06\/NdO-Affiche-HF-2024-FR-768x1086.jpg 768w, https:\/\/botrange.be\/wp-content\/uploads\/2022\/06\/NdO-Affiche-HF-2024-FR-1086x1536.jpg 1086w, https:\/\/botrange.be\/wp-content\/uploads\/2022\/06\/NdO-Affiche-HF-2024-FR-1448x2048.jpg 1448w, https:\/\/botrange.be\/wp-content\/uploads\/2022\/06\/NdO-Affiche-HF-2024-FR-340x480.jpg 340w, https:\/\/botrange.be\/wp-content\/uploads\/2022\/06\/NdO-Affiche-HF-2024-FR-scaled.jpg 1810w\" sizes=\"(max-width: 554px) 100vw, 554px\" \/><\/p>\n","protected":false},"excerpt":{"rendered":"<p class=\"excerpt\">M\u00e4rchen- und Naturwanderungen, Ausstellungen, Sternenbeobachtung, Vortr\u00e4ge, Informationsst\u00e4nde, Basteln und Spiele f\u00fcr Kinder&#8230;<br \/>\nGeschichtenerz\u00e4hler, Naturf\u00fchrer, Astronomen und Astrophysiker wurden anl\u00e4sslich der dritten Ausgabe dieser Veranstaltung eingeladen, um Ihnen ein abwechslungsreiches und v\u00f6llig kostenloses Informationsprogramm zu bieten!<\/p>\n","protected":false},"author":6,"featured_media":12859,"template":"","categories":[],"tags":[],"class_list":["post-12297","agenda","type-agenda","status-publish","has-post-thumbnail","hentry"],"acf":[],"yoast_head":"<!-- This site is optimized with the Yoast SEO plugin v27.4 - https:\/\/yoast.com\/product\/yoast-seo-wordpress\/ -->\n<title>Nacht der Dunkelheit - Parc naturel Hautes Fagnes-Eifel<\/title>\n<meta name=\"description\" content=\"Nacht der Dunkelheit\" \/>\n<meta name=\"robots\" content=\"index, follow, max-snippet:-1, max-image-preview:large, max-video-preview:-1\" \/>\n<link rel=\"canonical\" href=\"https:\/\/botrange.be\/de\/agenda\/nacht-der-dunkelheit-2\/\" \/>\n<meta property=\"og:locale\" content=\"de_DE\" \/>\n<meta property=\"og:type\" content=\"article\" \/>\n<meta property=\"og:title\" content=\"Nacht der Dunkelheit - Parc naturel Hautes Fagnes-Eifel\" \/>\n<meta property=\"og:description\" content=\"Nacht der Dunkelheit\" \/>\n<meta property=\"og:url\" content=\"https:\/\/botrange.be\/de\/agenda\/nacht-der-dunkelheit-2\/\" \/>\n<meta property=\"og:site_name\" content=\"Parc naturel Hautes Fagnes-Eifel\" \/>\n<meta property=\"article:modified_time\" content=\"2024-07-15T09:02:45+00:00\" \/>\n<meta property=\"og:image\" content=\"https:\/\/botrange.be\/wp-content\/uploads\/2022\/06\/NDO-HF-Cover-event-FB-OK-1-1536x768-1-1.jpg\" \/>\n\t<meta property=\"og:image:width\" content=\"1359\" \/>\n\t<meta property=\"og:image:height\" content=\"767\" \/>\n\t<meta property=\"og:image:type\" content=\"image\/jpeg\" \/>\n<meta name=\"twitter:card\" content=\"summary_large_image\" \/>\n<meta name=\"twitter:label1\" content=\"Gesch\u00e4tzte Lesezeit\" \/>\n\t<meta name=\"twitter:data1\" content=\"1\u00a0Minute\" \/>\n<script type=\"application\/ld+json\" class=\"yoast-schema-graph\">{\"@context\":\"https:\\\/\\\/schema.org\",\"@graph\":[{\"@type\":\"WebPage\",\"@id\":\"https:\\\/\\\/botrange.be\\\/de\\\/agenda\\\/nacht-der-dunkelheit-2\\\/\",\"url\":\"https:\\\/\\\/botrange.be\\\/de\\\/agenda\\\/nacht-der-dunkelheit-2\\\/\",\"name\":\"Nacht der Dunkelheit - Parc naturel Hautes Fagnes-Eifel\",\"isPartOf\":{\"@id\":\"https:\\\/\\\/botrange.be\\\/de\\\/#website\"},\"primaryImageOfPage\":{\"@id\":\"https:\\\/\\\/botrange.be\\\/de\\\/agenda\\\/nacht-der-dunkelheit-2\\\/#primaryimage\"},\"image\":{\"@id\":\"https:\\\/\\\/botrange.be\\\/de\\\/agenda\\\/nacht-der-dunkelheit-2\\\/#primaryimage\"},\"thumbnailUrl\":\"https:\\\/\\\/botrange.be\\\/wp-content\\\/uploads\\\/2022\\\/06\\\/visuel-event-FB_FR.jpg\",\"datePublished\":\"2024-07-15T08:57:31+00:00\",\"dateModified\":\"2024-07-15T09:02:45+00:00\",\"description\":\"Nacht der Dunkelheit\",\"breadcrumb\":{\"@id\":\"https:\\\/\\\/botrange.be\\\/de\\\/agenda\\\/nacht-der-dunkelheit-2\\\/#breadcrumb\"},\"inLanguage\":\"de\",\"potentialAction\":[{\"@type\":\"ReadAction\",\"target\":[\"https:\\\/\\\/botrange.be\\\/de\\\/agenda\\\/nacht-der-dunkelheit-2\\\/\"]}]},{\"@type\":\"ImageObject\",\"inLanguage\":\"de\",\"@id\":\"https:\\\/\\\/botrange.be\\\/de\\\/agenda\\\/nacht-der-dunkelheit-2\\\/#primaryimage\",\"url\":\"https:\\\/\\\/botrange.be\\\/wp-content\\\/uploads\\\/2022\\\/06\\\/visuel-event-FB_FR.jpg\",\"contentUrl\":\"https:\\\/\\\/botrange.be\\\/wp-content\\\/uploads\\\/2022\\\/06\\\/visuel-event-FB_FR.jpg\",\"width\":960,\"height\":540},{\"@type\":\"BreadcrumbList\",\"@id\":\"https:\\\/\\\/botrange.be\\\/de\\\/agenda\\\/nacht-der-dunkelheit-2\\\/#breadcrumb\",\"itemListElement\":[{\"@type\":\"ListItem\",\"position\":1,\"name\":\"Accueil\",\"item\":\"https:\\\/\\\/botrange.be\\\/de\\\/\"},{\"@type\":\"ListItem\",\"position\":2,\"name\":\"Agendas\",\"item\":\"https:\\\/\\\/botrange.be\\\/de\\\/agenda\\\/\"},{\"@type\":\"ListItem\",\"position\":3,\"name\":\"Nacht der Dunkelheit\"}]},{\"@type\":\"WebSite\",\"@id\":\"https:\\\/\\\/botrange.be\\\/de\\\/#website\",\"url\":\"https:\\\/\\\/botrange.be\\\/de\\\/\",\"name\":\"Parc naturel Hautes Fagnes-Eifel\",\"description\":\"50 ANS 1971-2021\",\"publisher\":{\"@id\":\"https:\\\/\\\/botrange.be\\\/de\\\/#organization\"},\"potentialAction\":[{\"@type\":\"SearchAction\",\"target\":{\"@type\":\"EntryPoint\",\"urlTemplate\":\"https:\\\/\\\/botrange.be\\\/de\\\/?s={search_term_string}\"},\"query-input\":{\"@type\":\"PropertyValueSpecification\",\"valueRequired\":true,\"valueName\":\"search_term_string\"}}],\"inLanguage\":\"de\"},{\"@type\":\"Organization\",\"@id\":\"https:\\\/\\\/botrange.be\\\/de\\\/#organization\",\"name\":\"Parc naturel Hautes Fagnes-Eifel\",\"url\":\"https:\\\/\\\/botrange.be\\\/de\\\/\",\"logo\":{\"@type\":\"ImageObject\",\"inLanguage\":\"de\",\"@id\":\"https:\\\/\\\/botrange.be\\\/de\\\/#\\\/schema\\\/logo\\\/image\\\/\",\"url\":\"https:\\\/\\\/botrange.be\\\/wp-content\\\/uploads\\\/2021\\\/06\\\/logo.svg\",\"contentUrl\":\"https:\\\/\\\/botrange.be\\\/wp-content\\\/uploads\\\/2021\\\/06\\\/logo.svg\",\"caption\":\"Parc naturel Hautes Fagnes-Eifel\"},\"image\":{\"@id\":\"https:\\\/\\\/botrange.be\\\/de\\\/#\\\/schema\\\/logo\\\/image\\\/\"}}]}<\/script>\n<!-- \/ Yoast SEO plugin. -->","yoast_head_json":{"title":"Nacht der Dunkelheit - Parc naturel Hautes Fagnes-Eifel","description":"Nacht der Dunkelheit","robots":{"index":"index","follow":"follow","max-snippet":"max-snippet:-1","max-image-preview":"max-image-preview:large","max-video-preview":"max-video-preview:-1"},"canonical":"https:\/\/botrange.be\/de\/agenda\/nacht-der-dunkelheit-2\/","og_locale":"de_DE","og_type":"article","og_title":"Nacht der Dunkelheit - Parc naturel Hautes Fagnes-Eifel","og_description":"Nacht der Dunkelheit","og_url":"https:\/\/botrange.be\/de\/agenda\/nacht-der-dunkelheit-2\/","og_site_name":"Parc naturel Hautes Fagnes-Eifel","article_modified_time":"2024-07-15T09:02:45+00:00","og_image":[{"width":1359,"height":767,"url":"https:\/\/botrange.be\/wp-content\/uploads\/2022\/06\/NDO-HF-Cover-event-FB-OK-1-1536x768-1-1.jpg","type":"image\/jpeg"}],"twitter_card":"summary_large_image","twitter_misc":{"Gesch\u00e4tzte Lesezeit":"1\u00a0Minute"},"schema":{"@context":"https:\/\/schema.org","@graph":[{"@type":"WebPage","@id":"https:\/\/botrange.be\/de\/agenda\/nacht-der-dunkelheit-2\/","url":"https:\/\/botrange.be\/de\/agenda\/nacht-der-dunkelheit-2\/","name":"Nacht der Dunkelheit - Parc naturel Hautes Fagnes-Eifel","isPartOf":{"@id":"https:\/\/botrange.be\/de\/#website"},"primaryImageOfPage":{"@id":"https:\/\/botrange.be\/de\/agenda\/nacht-der-dunkelheit-2\/#primaryimage"},"image":{"@id":"https:\/\/botrange.be\/de\/agenda\/nacht-der-dunkelheit-2\/#primaryimage"},"thumbnailUrl":"https:\/\/botrange.be\/wp-content\/uploads\/2022\/06\/visuel-event-FB_FR.jpg","datePublished":"2024-07-15T08:57:31+00:00","dateModified":"2024-07-15T09:02:45+00:00","description":"Nacht der Dunkelheit","breadcrumb":{"@id":"https:\/\/botrange.be\/de\/agenda\/nacht-der-dunkelheit-2\/#breadcrumb"},"inLanguage":"de","potentialAction":[{"@type":"ReadAction","target":["https:\/\/botrange.be\/de\/agenda\/nacht-der-dunkelheit-2\/"]}]},{"@type":"ImageObject","inLanguage":"de","@id":"https:\/\/botrange.be\/de\/agenda\/nacht-der-dunkelheit-2\/#primaryimage","url":"https:\/\/botrange.be\/wp-content\/uploads\/2022\/06\/visuel-event-FB_FR.jpg","contentUrl":"https:\/\/botrange.be\/wp-content\/uploads\/2022\/06\/visuel-event-FB_FR.jpg","width":960,"height":540},{"@type":"BreadcrumbList","@id":"https:\/\/botrange.be\/de\/agenda\/nacht-der-dunkelheit-2\/#breadcrumb","itemListElement":[{"@type":"ListItem","position":1,"name":"Accueil","item":"https:\/\/botrange.be\/de\/"},{"@type":"ListItem","position":2,"name":"Agendas","item":"https:\/\/botrange.be\/de\/agenda\/"},{"@type":"ListItem","position":3,"name":"Nacht der Dunkelheit"}]},{"@type":"WebSite","@id":"https:\/\/botrange.be\/de\/#website","url":"https:\/\/botrange.be\/de\/","name":"Parc naturel Hautes Fagnes-Eifel","description":"50 ANS 1971-2021","publisher":{"@id":"https:\/\/botrange.be\/de\/#organization"},"potentialAction":[{"@type":"SearchAction","target":{"@type":"EntryPoint","urlTemplate":"https:\/\/botrange.be\/de\/?s={search_term_string}"},"query-input":{"@type":"PropertyValueSpecification","valueRequired":true,"valueName":"search_term_string"}}],"inLanguage":"de"},{"@type":"Organization","@id":"https:\/\/botrange.be\/de\/#organization","name":"Parc naturel Hautes Fagnes-Eifel","url":"https:\/\/botrange.be\/de\/","logo":{"@type":"ImageObject","inLanguage":"de","@id":"https:\/\/botrange.be\/de\/#\/schema\/logo\/image\/","url":"https:\/\/botrange.be\/wp-content\/uploads\/2021\/06\/logo.svg","contentUrl":"https:\/\/botrange.be\/wp-content\/uploads\/2021\/06\/logo.svg","caption":"Parc naturel Hautes Fagnes-Eifel"},"image":{"@id":"https:\/\/botrange.be\/de\/#\/schema\/logo\/image\/"}}]}},"_links":{"self":[{"href":"https:\/\/botrange.be\/de\/wp-json\/wp\/v2\/agenda\/12297","targetHints":{"allow":["GET"]}}],"collection":[{"href":"https:\/\/botrange.be\/de\/wp-json\/wp\/v2\/agenda"}],"about":[{"href":"https:\/\/botrange.be\/de\/wp-json\/wp\/v2\/types\/agenda"}],"author":[{"embeddable":true,"href":"https:\/\/botrange.be\/de\/wp-json\/wp\/v2\/users\/6"}],"version-history":[{"count":3,"href":"https:\/\/botrange.be\/de\/wp-json\/wp\/v2\/agenda\/12297\/revisions"}],"predecessor-version":[{"id":12310,"href":"https:\/\/botrange.be\/de\/wp-json\/wp\/v2\/agenda\/12297\/revisions\/12310"}],"wp:featuredmedia":[{"embeddable":true,"href":"https:\/\/botrange.be\/de\/wp-json\/wp\/v2\/media\/12859"}],"wp:attachment":[{"href":"https:\/\/botrange.be\/de\/wp-json\/wp\/v2\/media?parent=12297"}],"wp:term":[{"taxonomy":"category","embeddable":true,"href":"https:\/\/botrange.be\/de\/wp-json\/wp\/v2\/categories?post=12297"},{"taxonomy":"post_tag","embeddable":true,"href":"https:\/\/botrange.be\/de\/wp-json\/wp\/v2\/tags?post=12297"}],"curies":[{"name":"wp","href":"https:\/\/api.w.org\/{rel}","templated":true}]}}

<p>Die diesjährige Ausgabe der Nacht der Dunkelheit findet am Samstag, den 12. Oktober 2024, wie jedes Jahr auf dem Gelände des Naturparkzentrums Botrange statt.</p>
<p>La Besace, das Naturparkzentrum Botrange, die „Nationallotterie“ und ihre Partner haben, mit Unterstützung der Föderation Wallonie-Brüssel, ein 5-Sterne-Programm für diese Nacht zusammengestellt:</p>
<p>Märchen- und Naturwanderungen, Ausstellungen, Sternenbeobachtung, Vorträge, Informationsstände, Basteln und Spiele für Kinder&#8230;</p>
<p>Die „Nacht der Dunkelheit“ ist eine Veranstaltung, die auf nationaler Ebene stattfindet und spielerische und wissenschaftliche Aktivitäten kombiniert. Gleichzeitig macht sie aufmerksam auf eine Problematik, die wir alle Tag für Tag erleben, aber der wir kaum Beachtung schenken: Die Besucher werden für die Auswirkungen der Lichtverschmutzung auf den Himmel, die Fauna und Flora sensibilisiert.</p>
<p>Kommen sie zahlreich, mit Familie oder mit Freunden, und entdecken sie die Geheimnisse einer lichtlosen Nacht!</p>
<p>Die Veranstaltung ist kostenlos.</p>
<p>Das vollständige Programm der Veranstaltung wird im Herbst 2024 hier und/oder über <a href="http://www.besace.be">www.besace.be</a> veröffentlicht.</p>
<p><img fetchpriority="high" decoding="async" class="alignnone  wp-image-12303" src="https://botrange.be/wp-content/uploads/2022/06/NdO-Affiche-HF-2024-FR-212x300.jpg" alt="" width="554" height="784" srcset="https://botrange.be/wp-content/uploads/2022/06/NdO-Affiche-HF-2024-FR-212x300.jpg 212w, https://botrange.be/wp-content/uploads/2022/06/NdO-Affiche-HF-2024-FR-724x1024.jpg 724w, https://botrange.be/wp-content/uploads/2022/06/NdO-Affiche-HF-2024-FR-768x1086.jpg 768w, https://botrange.be/wp-content/uploads/2022/06/NdO-Affiche-HF-2024-FR-1086x1536.jpg 1086w, https://botrange.be/wp-content/uploads/2022/06/NdO-Affiche-HF-2024-FR-1448x2048.jpg 1448w, https://botrange.be/wp-content/uploads/2022/06/NdO-Affiche-HF-2024-FR-340x480.jpg 340w, https://botrange.be/wp-content/uploads/2022/06/NdO-Affiche-HF-2024-FR-scaled.jpg 1810w" sizes="(max-width: 554px) 100vw, 554px" /></p>

<p class="excerpt">Märchen- und Naturwanderungen, Ausstellungen, Sternenbeobachtung, Vorträge, Informationsstände, Basteln und Spiele für Kinder&#8230;<br />
Geschichtenerzähler, Naturführer, Astronomen und Astrophysiker wurden anlässlich der dritten Ausgabe dieser Veranstaltung eingeladen, um Ihnen ein abwechslungsreiches und völlig kostenloses Informationsprogramm zu bieten!</p>

<!-- This site is optimized with the Yoast SEO plugin v27.4 - https://yoast.com/product/yoast-seo-wordpress/ -->
<title>Nacht der Dunkelheit - Parc naturel Hautes Fagnes-Eifel</title>
<meta name="description" content="Nacht der Dunkelheit" />
<meta name="robots" content="index, follow, max-snippet:-1, max-image-preview:large, max-video-preview:-1" />
<link rel="canonical" href="https://botrange.be/de/agenda/nacht-der-dunkelheit-2/" />
<meta property="og:locale" content="de_DE" />
<meta property="og:type" content="article" />
<meta property="og:title" content="Nacht der Dunkelheit - Parc naturel Hautes Fagnes-Eifel" />
<meta property="og:description" content="Nacht der Dunkelheit" />
<meta property="og:url" content="https://botrange.be/de/agenda/nacht-der-dunkelheit-2/" />
<meta property="og:site_name" content="Parc naturel Hautes Fagnes-Eifel" />
<meta property="article:modified_time" content="2024-07-15T09:02:45+00:00" />
<meta property="og:image" content="https://botrange.be/wp-content/uploads/2022/06/NDO-HF-Cover-event-FB-OK-1-1536x768-1-1.jpg" />
	<meta property="og:image:width" content="1359" />
	<meta property="og:image:height" content="767" />
	<meta property="og:image:type" content="image/jpeg" />
<meta name="twitter:card" content="summary_large_image" />
<meta name="twitter:label1" content="Geschätzte Lesezeit" />
	<meta name="twitter:data1" content="1 Minute" />
<script type="application/ld+json" class="yoast-schema-graph">{"@context":"https:\/\/schema.org","@graph":[{"@type":"WebPage","@id":"https:\/\/botrange.be\/de\/agenda\/nacht-der-dunkelheit-2\/","url":"https:\/\/botrange.be\/de\/agenda\/nacht-der-dunkelheit-2\/","name":"Nacht der Dunkelheit - Parc naturel Hautes Fagnes-Eifel","isPartOf":{"@id":"https:\/\/botrange.be\/de\/#website"},"primaryImageOfPage":{"@id":"https:\/\/botrange.be\/de\/agenda\/nacht-der-dunkelheit-2\/#primaryimage"},"image":{"@id":"https:\/\/botrange.be\/de\/agenda\/nacht-der-dunkelheit-2\/#primaryimage"},"thumbnailUrl":"https:\/\/botrange.be\/wp-content\/uploads\/2022\/06\/visuel-event-FB_FR.jpg","datePublished":"2024-07-15T08:57:31+00:00","dateModified":"2024-07-15T09:02:45+00:00","description":"Nacht der Dunkelheit","breadcrumb":{"@id":"https:\/\/botrange.be\/de\/agenda\/nacht-der-dunkelheit-2\/#breadcrumb"},"inLanguage":"de","potentialAction":[{"@type":"ReadAction","target":["https:\/\/botrange.be\/de\/agenda\/nacht-der-dunkelheit-2\/"]}]},{"@type":"ImageObject","inLanguage":"de","@id":"https:\/\/botrange.be\/de\/agenda\/nacht-der-dunkelheit-2\/#primaryimage","url":"https:\/\/botrange.be\/wp-content\/uploads\/2022\/06\/visuel-event-FB_FR.jpg","contentUrl":"https:\/\/botrange.be\/wp-content\/uploads\/2022\/06\/visuel-event-FB_FR.jpg","width":960,"height":540},{"@type":"BreadcrumbList","@id":"https:\/\/botrange.be\/de\/agenda\/nacht-der-dunkelheit-2\/#breadcrumb","itemListElement":[{"@type":"ListItem","position":1,"name":"Accueil","item":"https:\/\/botrange.be\/de\/"},{"@type":"ListItem","position":2,"name":"Agendas","item":"https:\/\/botrange.be\/de\/agenda\/"},{"@type":"ListItem","position":3,"name":"Nacht der Dunkelheit"}]},{"@type":"WebSite","@id":"https:\/\/botrange.be\/de\/#website","url":"https:\/\/botrange.be\/de\/","name":"Parc naturel Hautes Fagnes-Eifel","description":"50 ANS 1971-2021","publisher":{"@id":"https:\/\/botrange.be\/de\/#organization"},"potentialAction":[{"@type":"SearchAction","target":{"@type":"EntryPoint","urlTemplate":"https:\/\/botrange.be\/de\/?s={search_term_string}"},"query-input":{"@type":"PropertyValueSpecification","valueRequired":true,"valueName":"search_term_string"}}],"inLanguage":"de"},{"@type":"Organization","@id":"https:\/\/botrange.be\/de\/#organization","name":"Parc naturel Hautes Fagnes-Eifel","url":"https:\/\/botrange.be\/de\/","logo":{"@type":"ImageObject","inLanguage":"de","@id":"https:\/\/botrange.be\/de\/#\/schema\/logo\/image\/","url":"https:\/\/botrange.be\/wp-content\/uploads\/2021\/06\/logo.svg","contentUrl":"https:\/\/botrange.be\/wp-content\/uploads\/2021\/06\/logo.svg","caption":"Parc naturel Hautes Fagnes-Eifel"},"image":{"@id":"https:\/\/botrange.be\/de\/#\/schema\/logo\/image\/"}}]}</script>
<!-- / Yoast SEO plugin. -->
