{"id":6943,"date":"2022-02-10T11:04:50","date_gmt":"2022-02-10T11:04:50","guid":{"rendered":"https:\/\/botrange.be\/project\/landschaft-und-raumordnung\/"},"modified":"2022-02-11T08:22:24","modified_gmt":"2022-02-11T08:22:24","slug":"landschaft-und-raumordnung","status":"publish","type":"project","link":"https:\/\/botrange.be\/de\/project\/landschaft-und-raumordnung\/","title":{"rendered":"Landschaft und Raumordnung"},"content":{"rendered":"<p>Der Begriff &#8222;Landschaft&#8220; bezieht sich auf ein vom Menschen als solches wahrgenommenes Gebiet, dessen Charakter das Ergebnis des Wirkens und Zusammenwirkens nat\u00fcrlicher und\/oder anthropogener Faktoren ist. Landschaft ist also ein Lebensraum, dessen Erscheinungsbild sich aus dem Wirken nat\u00fcrlicher und\/oder kultureller (d.h. menschlicher) Faktoren ergibt. Aufgrund unterschiedlicher Herkunft, Bez\u00fcge, Berufe\u2026 wird sie zudem von Bewohnern oder Besuchern unterschiedlich wahrgenommen.<\/p>\n<p>Diese Definition aus der Europ\u00e4ischen Landschaftskonvention spezifiziert auch ein wichtiges Merkmal der Landschaft, n\u00e4mlich dass sie ein Ganzes bildet. Nat\u00fcrliche und kulturelle Elemente werden gleichzeitig ber\u00fccksichtigt, so dass Landschaften einen wesentlichen Beitrag zu den kulturellen und \u00f6kologischen und sozialen Interessen der Gemeinschaft leisten k\u00f6nnen.<\/p>\n","protected":false},"excerpt":{"rendered":"<p class=\"excerpt\">Der Begriff &#8222;Landschaft&#8220; bezieht sich auf ein vom Menschen als solches wahrgenommenes Gebiet, dessen Charakter  das  Ergebnis  des  Wirkens  und  Zusammenwirkens  nat\u00fcrlicher und\/oder anthropogener Faktoren ist.<\/p>\n","protected":false},"author":1,"featured_media":5065,"template":"","categories":[],"project_type":[56],"class_list":["post-6943","project","type-project","status-publish","has-post-thumbnail","hentry","project_type-paysage"],"acf":[],"yoast_head":"<!-- This site is optimized with the Yoast SEO plugin v27.4 - https:\/\/yoast.com\/product\/yoast-seo-wordpress\/ -->\n<title>Landschaft und Raumordnung - Parc naturel Hautes Fagnes-Eifel<\/title>\n<meta name=\"robots\" content=\"index, follow, max-snippet:-1, max-image-preview:large, max-video-preview:-1\" \/>\n<link rel=\"canonical\" href=\"https:\/\/botrange.be\/de\/project\/landschaft-und-raumordnung\/\" \/>\n<meta property=\"og:locale\" content=\"de_DE\" \/>\n<meta property=\"og:type\" content=\"article\" \/>\n<meta property=\"og:title\" content=\"Landschaft und Raumordnung - Parc naturel Hautes Fagnes-Eifel\" \/>\n<meta property=\"og:description\" content=\"Der Begriff &quot;Landschaft&quot; bezieht sich auf ein vom Menschen als solches wahrgenommenes Gebiet, dessen Charakter das Ergebnis des Wirkens und Zusammenwirkens nat\u00fcrlicher und\/oder anthropogener Faktoren ist.\" \/>\n<meta property=\"og:url\" content=\"https:\/\/botrange.be\/de\/project\/landschaft-und-raumordnung\/\" \/>\n<meta property=\"og:site_name\" content=\"Parc naturel Hautes Fagnes-Eifel\" \/>\n<meta property=\"article:modified_time\" content=\"2022-02-11T08:22:24+00:00\" \/>\n<meta property=\"og:image\" content=\"https:\/\/botrange.be\/wp-content\/uploads\/2021\/11\/vue-aerienne-1.jpg\" \/>\n\t<meta property=\"og:image:width\" content=\"2000\" \/>\n\t<meta property=\"og:image:height\" content=\"1123\" \/>\n\t<meta property=\"og:image:type\" content=\"image\/jpeg\" \/>\n<meta name=\"twitter:card\" content=\"summary_large_image\" \/>\n<meta name=\"twitter:label1\" content=\"Gesch\u00e4tzte Lesezeit\" \/>\n\t<meta name=\"twitter:data1\" content=\"1\u00a0Minute\" \/>\n<script type=\"application\/ld+json\" class=\"yoast-schema-graph\">{\"@context\":\"https:\\\/\\\/schema.org\",\"@graph\":[{\"@type\":\"WebPage\",\"@id\":\"https:\\\/\\\/botrange.be\\\/de\\\/project\\\/landschaft-und-raumordnung\\\/\",\"url\":\"https:\\\/\\\/botrange.be\\\/de\\\/project\\\/landschaft-und-raumordnung\\\/\",\"name\":\"Landschaft und Raumordnung - Parc naturel Hautes Fagnes-Eifel\",\"isPartOf\":{\"@id\":\"https:\\\/\\\/botrange.be\\\/de\\\/#website\"},\"primaryImageOfPage\":{\"@id\":\"https:\\\/\\\/botrange.be\\\/de\\\/project\\\/landschaft-und-raumordnung\\\/#primaryimage\"},\"image\":{\"@id\":\"https:\\\/\\\/botrange.be\\\/de\\\/project\\\/landschaft-und-raumordnung\\\/#primaryimage\"},\"thumbnailUrl\":\"https:\\\/\\\/botrange.be\\\/wp-content\\\/uploads\\\/2021\\\/11\\\/vue-aerienne-1.jpg\",\"datePublished\":\"2022-02-10T11:04:50+00:00\",\"dateModified\":\"2022-02-11T08:22:24+00:00\",\"breadcrumb\":{\"@id\":\"https:\\\/\\\/botrange.be\\\/de\\\/project\\\/landschaft-und-raumordnung\\\/#breadcrumb\"},\"inLanguage\":\"de\",\"potentialAction\":[{\"@type\":\"ReadAction\",\"target\":[\"https:\\\/\\\/botrange.be\\\/de\\\/project\\\/landschaft-und-raumordnung\\\/\"]}]},{\"@type\":\"ImageObject\",\"inLanguage\":\"de\",\"@id\":\"https:\\\/\\\/botrange.be\\\/de\\\/project\\\/landschaft-und-raumordnung\\\/#primaryimage\",\"url\":\"https:\\\/\\\/botrange.be\\\/wp-content\\\/uploads\\\/2021\\\/11\\\/vue-aerienne-1.jpg\",\"contentUrl\":\"https:\\\/\\\/botrange.be\\\/wp-content\\\/uploads\\\/2021\\\/11\\\/vue-aerienne-1.jpg\",\"width\":2000,\"height\":1123,\"caption\":\"Paysage et am\u00e9nagement du territoire\"},{\"@type\":\"BreadcrumbList\",\"@id\":\"https:\\\/\\\/botrange.be\\\/de\\\/project\\\/landschaft-und-raumordnung\\\/#breadcrumb\",\"itemListElement\":[{\"@type\":\"ListItem\",\"position\":1,\"name\":\"Accueil\",\"item\":\"https:\\\/\\\/botrange.be\\\/de\\\/\"},{\"@type\":\"ListItem\",\"position\":2,\"name\":\"Projects\",\"item\":\"https:\\\/\\\/botrange.be\\\/de\\\/project\\\/\"},{\"@type\":\"ListItem\",\"position\":3,\"name\":\"Landschaft und Raumordnung\"}]},{\"@type\":\"WebSite\",\"@id\":\"https:\\\/\\\/botrange.be\\\/de\\\/#website\",\"url\":\"https:\\\/\\\/botrange.be\\\/de\\\/\",\"name\":\"Parc naturel Hautes Fagnes-Eifel\",\"description\":\"50 ANS 1971-2021\",\"publisher\":{\"@id\":\"https:\\\/\\\/botrange.be\\\/de\\\/#organization\"},\"potentialAction\":[{\"@type\":\"SearchAction\",\"target\":{\"@type\":\"EntryPoint\",\"urlTemplate\":\"https:\\\/\\\/botrange.be\\\/de\\\/?s={search_term_string}\"},\"query-input\":{\"@type\":\"PropertyValueSpecification\",\"valueRequired\":true,\"valueName\":\"search_term_string\"}}],\"inLanguage\":\"de\"},{\"@type\":\"Organization\",\"@id\":\"https:\\\/\\\/botrange.be\\\/de\\\/#organization\",\"name\":\"Parc naturel Hautes Fagnes-Eifel\",\"url\":\"https:\\\/\\\/botrange.be\\\/de\\\/\",\"logo\":{\"@type\":\"ImageObject\",\"inLanguage\":\"de\",\"@id\":\"https:\\\/\\\/botrange.be\\\/de\\\/#\\\/schema\\\/logo\\\/image\\\/\",\"url\":\"https:\\\/\\\/botrange.be\\\/wp-content\\\/uploads\\\/2021\\\/06\\\/logo.svg\",\"contentUrl\":\"https:\\\/\\\/botrange.be\\\/wp-content\\\/uploads\\\/2021\\\/06\\\/logo.svg\",\"caption\":\"Parc naturel Hautes Fagnes-Eifel\"},\"image\":{\"@id\":\"https:\\\/\\\/botrange.be\\\/de\\\/#\\\/schema\\\/logo\\\/image\\\/\"}}]}<\/script>\n<!-- \/ Yoast SEO plugin. -->","yoast_head_json":{"title":"Landschaft und Raumordnung - Parc naturel Hautes Fagnes-Eifel","robots":{"index":"index","follow":"follow","max-snippet":"max-snippet:-1","max-image-preview":"max-image-preview:large","max-video-preview":"max-video-preview:-1"},"canonical":"https:\/\/botrange.be\/de\/project\/landschaft-und-raumordnung\/","og_locale":"de_DE","og_type":"article","og_title":"Landschaft und Raumordnung - Parc naturel Hautes Fagnes-Eifel","og_description":"Der Begriff \"Landschaft\" bezieht sich auf ein vom Menschen als solches wahrgenommenes Gebiet, dessen Charakter das Ergebnis des Wirkens und Zusammenwirkens nat\u00fcrlicher und\/oder anthropogener Faktoren ist.","og_url":"https:\/\/botrange.be\/de\/project\/landschaft-und-raumordnung\/","og_site_name":"Parc naturel Hautes Fagnes-Eifel","article_modified_time":"2022-02-11T08:22:24+00:00","og_image":[{"width":2000,"height":1123,"url":"https:\/\/botrange.be\/wp-content\/uploads\/2021\/11\/vue-aerienne-1.jpg","type":"image\/jpeg"}],"twitter_card":"summary_large_image","twitter_misc":{"Gesch\u00e4tzte Lesezeit":"1\u00a0Minute"},"schema":{"@context":"https:\/\/schema.org","@graph":[{"@type":"WebPage","@id":"https:\/\/botrange.be\/de\/project\/landschaft-und-raumordnung\/","url":"https:\/\/botrange.be\/de\/project\/landschaft-und-raumordnung\/","name":"Landschaft und Raumordnung - Parc naturel Hautes Fagnes-Eifel","isPartOf":{"@id":"https:\/\/botrange.be\/de\/#website"},"primaryImageOfPage":{"@id":"https:\/\/botrange.be\/de\/project\/landschaft-und-raumordnung\/#primaryimage"},"image":{"@id":"https:\/\/botrange.be\/de\/project\/landschaft-und-raumordnung\/#primaryimage"},"thumbnailUrl":"https:\/\/botrange.be\/wp-content\/uploads\/2021\/11\/vue-aerienne-1.jpg","datePublished":"2022-02-10T11:04:50+00:00","dateModified":"2022-02-11T08:22:24+00:00","breadcrumb":{"@id":"https:\/\/botrange.be\/de\/project\/landschaft-und-raumordnung\/#breadcrumb"},"inLanguage":"de","potentialAction":[{"@type":"ReadAction","target":["https:\/\/botrange.be\/de\/project\/landschaft-und-raumordnung\/"]}]},{"@type":"ImageObject","inLanguage":"de","@id":"https:\/\/botrange.be\/de\/project\/landschaft-und-raumordnung\/#primaryimage","url":"https:\/\/botrange.be\/wp-content\/uploads\/2021\/11\/vue-aerienne-1.jpg","contentUrl":"https:\/\/botrange.be\/wp-content\/uploads\/2021\/11\/vue-aerienne-1.jpg","width":2000,"height":1123,"caption":"Paysage et am\u00e9nagement du territoire"},{"@type":"BreadcrumbList","@id":"https:\/\/botrange.be\/de\/project\/landschaft-und-raumordnung\/#breadcrumb","itemListElement":[{"@type":"ListItem","position":1,"name":"Accueil","item":"https:\/\/botrange.be\/de\/"},{"@type":"ListItem","position":2,"name":"Projects","item":"https:\/\/botrange.be\/de\/project\/"},{"@type":"ListItem","position":3,"name":"Landschaft und Raumordnung"}]},{"@type":"WebSite","@id":"https:\/\/botrange.be\/de\/#website","url":"https:\/\/botrange.be\/de\/","name":"Parc naturel Hautes Fagnes-Eifel","description":"50 ANS 1971-2021","publisher":{"@id":"https:\/\/botrange.be\/de\/#organization"},"potentialAction":[{"@type":"SearchAction","target":{"@type":"EntryPoint","urlTemplate":"https:\/\/botrange.be\/de\/?s={search_term_string}"},"query-input":{"@type":"PropertyValueSpecification","valueRequired":true,"valueName":"search_term_string"}}],"inLanguage":"de"},{"@type":"Organization","@id":"https:\/\/botrange.be\/de\/#organization","name":"Parc naturel Hautes Fagnes-Eifel","url":"https:\/\/botrange.be\/de\/","logo":{"@type":"ImageObject","inLanguage":"de","@id":"https:\/\/botrange.be\/de\/#\/schema\/logo\/image\/","url":"https:\/\/botrange.be\/wp-content\/uploads\/2021\/06\/logo.svg","contentUrl":"https:\/\/botrange.be\/wp-content\/uploads\/2021\/06\/logo.svg","caption":"Parc naturel Hautes Fagnes-Eifel"},"image":{"@id":"https:\/\/botrange.be\/de\/#\/schema\/logo\/image\/"}}]}},"_links":{"self":[{"href":"https:\/\/botrange.be\/de\/wp-json\/wp\/v2\/project\/6943","targetHints":{"allow":["GET"]}}],"collection":[{"href":"https:\/\/botrange.be\/de\/wp-json\/wp\/v2\/project"}],"about":[{"href":"https:\/\/botrange.be\/de\/wp-json\/wp\/v2\/types\/project"}],"author":[{"embeddable":true,"href":"https:\/\/botrange.be\/de\/wp-json\/wp\/v2\/users\/1"}],"version-history":[{"count":1,"href":"https:\/\/botrange.be\/de\/wp-json\/wp\/v2\/project\/6943\/revisions"}],"predecessor-version":[{"id":6944,"href":"https:\/\/botrange.be\/de\/wp-json\/wp\/v2\/project\/6943\/revisions\/6944"}],"wp:featuredmedia":[{"embeddable":true,"href":"https:\/\/botrange.be\/de\/wp-json\/wp\/v2\/media\/5065"}],"wp:attachment":[{"href":"https:\/\/botrange.be\/de\/wp-json\/wp\/v2\/media?parent=6943"}],"wp:term":[{"taxonomy":"category","embeddable":true,"href":"https:\/\/botrange.be\/de\/wp-json\/wp\/v2\/categories?post=6943"},{"taxonomy":"project_type","embeddable":true,"href":"https:\/\/botrange.be\/de\/wp-json\/wp\/v2\/project_type?post=6943"}],"curies":[{"name":"wp","href":"https:\/\/api.w.org\/{rel}","templated":true}]}}

<p>Der Begriff &#8222;Landschaft&#8220; bezieht sich auf ein vom Menschen als solches wahrgenommenes Gebiet, dessen Charakter das Ergebnis des Wirkens und Zusammenwirkens natürlicher und/oder anthropogener Faktoren ist. Landschaft ist also ein Lebensraum, dessen Erscheinungsbild sich aus dem Wirken natürlicher und/oder kultureller (d.h. menschlicher) Faktoren ergibt. Aufgrund unterschiedlicher Herkunft, Bezüge, Berufe… wird sie zudem von Bewohnern oder Besuchern unterschiedlich wahrgenommen.</p>
<p>Diese Definition aus der Europäischen Landschaftskonvention spezifiziert auch ein wichtiges Merkmal der Landschaft, nämlich dass sie ein Ganzes bildet. Natürliche und kulturelle Elemente werden gleichzeitig berücksichtigt, so dass Landschaften einen wesentlichen Beitrag zu den kulturellen und ökologischen und sozialen Interessen der Gemeinschaft leisten können.</p>

<p class="excerpt">Der Begriff &#8222;Landschaft&#8220; bezieht sich auf ein vom Menschen als solches wahrgenommenes Gebiet, dessen Charakter  das  Ergebnis  des  Wirkens  und  Zusammenwirkens  natürlicher und/oder anthropogener Faktoren ist.</p>

<!-- This site is optimized with the Yoast SEO plugin v27.4 - https://yoast.com/product/yoast-seo-wordpress/ -->
<title>Landschaft und Raumordnung - Parc naturel Hautes Fagnes-Eifel</title>
<meta name="robots" content="index, follow, max-snippet:-1, max-image-preview:large, max-video-preview:-1" />
<link rel="canonical" href="https://botrange.be/de/project/landschaft-und-raumordnung/" />
<meta property="og:locale" content="de_DE" />
<meta property="og:type" content="article" />
<meta property="og:title" content="Landschaft und Raumordnung - Parc naturel Hautes Fagnes-Eifel" />
<meta property="og:description" content="Der Begriff &quot;Landschaft&quot; bezieht sich auf ein vom Menschen als solches wahrgenommenes Gebiet, dessen Charakter das Ergebnis des Wirkens und Zusammenwirkens natürlicher und/oder anthropogener Faktoren ist." />
<meta property="og:url" content="https://botrange.be/de/project/landschaft-und-raumordnung/" />
<meta property="og:site_name" content="Parc naturel Hautes Fagnes-Eifel" />
<meta property="article:modified_time" content="2022-02-11T08:22:24+00:00" />
<meta property="og:image" content="https://botrange.be/wp-content/uploads/2021/11/vue-aerienne-1.jpg" />
	<meta property="og:image:width" content="2000" />
	<meta property="og:image:height" content="1123" />
	<meta property="og:image:type" content="image/jpeg" />
<meta name="twitter:card" content="summary_large_image" />
<meta name="twitter:label1" content="Geschätzte Lesezeit" />
	<meta name="twitter:data1" content="1 Minute" />
<script type="application/ld+json" class="yoast-schema-graph">{"@context":"https:\/\/schema.org","@graph":[{"@type":"WebPage","@id":"https:\/\/botrange.be\/de\/project\/landschaft-und-raumordnung\/","url":"https:\/\/botrange.be\/de\/project\/landschaft-und-raumordnung\/","name":"Landschaft und Raumordnung - Parc naturel Hautes Fagnes-Eifel","isPartOf":{"@id":"https:\/\/botrange.be\/de\/#website"},"primaryImageOfPage":{"@id":"https:\/\/botrange.be\/de\/project\/landschaft-und-raumordnung\/#primaryimage"},"image":{"@id":"https:\/\/botrange.be\/de\/project\/landschaft-und-raumordnung\/#primaryimage"},"thumbnailUrl":"https:\/\/botrange.be\/wp-content\/uploads\/2021\/11\/vue-aerienne-1.jpg","datePublished":"2022-02-10T11:04:50+00:00","dateModified":"2022-02-11T08:22:24+00:00","breadcrumb":{"@id":"https:\/\/botrange.be\/de\/project\/landschaft-und-raumordnung\/#breadcrumb"},"inLanguage":"de","potentialAction":[{"@type":"ReadAction","target":["https:\/\/botrange.be\/de\/project\/landschaft-und-raumordnung\/"]}]},{"@type":"ImageObject","inLanguage":"de","@id":"https:\/\/botrange.be\/de\/project\/landschaft-und-raumordnung\/#primaryimage","url":"https:\/\/botrange.be\/wp-content\/uploads\/2021\/11\/vue-aerienne-1.jpg","contentUrl":"https:\/\/botrange.be\/wp-content\/uploads\/2021\/11\/vue-aerienne-1.jpg","width":2000,"height":1123,"caption":"Paysage et aménagement du territoire"},{"@type":"BreadcrumbList","@id":"https:\/\/botrange.be\/de\/project\/landschaft-und-raumordnung\/#breadcrumb","itemListElement":[{"@type":"ListItem","position":1,"name":"Accueil","item":"https:\/\/botrange.be\/de\/"},{"@type":"ListItem","position":2,"name":"Projects","item":"https:\/\/botrange.be\/de\/project\/"},{"@type":"ListItem","position":3,"name":"Landschaft und Raumordnung"}]},{"@type":"WebSite","@id":"https:\/\/botrange.be\/de\/#website","url":"https:\/\/botrange.be\/de\/","name":"Parc naturel Hautes Fagnes-Eifel","description":"50 ANS 1971-2021","publisher":{"@id":"https:\/\/botrange.be\/de\/#organization"},"potentialAction":[{"@type":"SearchAction","target":{"@type":"EntryPoint","urlTemplate":"https:\/\/botrange.be\/de\/?s={search_term_string}"},"query-input":{"@type":"PropertyValueSpecification","valueRequired":true,"valueName":"search_term_string"}}],"inLanguage":"de"},{"@type":"Organization","@id":"https:\/\/botrange.be\/de\/#organization","name":"Parc naturel Hautes Fagnes-Eifel","url":"https:\/\/botrange.be\/de\/","logo":{"@type":"ImageObject","inLanguage":"de","@id":"https:\/\/botrange.be\/de\/#\/schema\/logo\/image\/","url":"https:\/\/botrange.be\/wp-content\/uploads\/2021\/06\/logo.svg","contentUrl":"https:\/\/botrange.be\/wp-content\/uploads\/2021\/06\/logo.svg","caption":"Parc naturel Hautes Fagnes-Eifel"},"image":{"@id":"https:\/\/botrange.be\/de\/#\/schema\/logo\/image\/"}}]}</script>
<!-- / Yoast SEO plugin. -->

Der Begriff "Landschaft" bezieht sich auf ein vom Menschen als solches wahrgenommenes Gebiet, dessen Charakter das Ergebnis des Wirkens und Zusammenwirkens natürlicher und/oder anthropogener Faktoren ist.

Paysage et aménagement du territoire
