{"id":13613,"date":"2024-12-24T10:32:46","date_gmt":"2024-12-24T09:32:46","guid":{"rendered":"https:\/\/botrange.be\/project\/life-vallees-ardennaises-2020-2028\/"},"modified":"2024-12-24T10:32:46","modified_gmt":"2024-12-24T09:32:46","slug":"life-vallees-ardennaises-2020-2028","status":"publish","type":"project","link":"https:\/\/botrange.be\/nl\/project\/life-vallees-ardennaises-2020-2028\/","title":{"rendered":"Life Vall\u00e9es ardennaises (2020-2028)"},"content":{"rendered":"<h2><strong>Ecologische restauratie van rivieren en bossen in de ingesneden valleien van de Ardennen<\/strong><\/h2>\n<p>LIFE Natuur en Biodiversiteit &#8220;Ecologische restauratie van rivieren en bossen in de ingesneden valleien van de stroomgebieden van de Ourthe, Ambl\u00e8ve, Vesder en Our&#8221; (2020-2028) is een project dat tot doel heeft de oevers, overstromingsgebieden en beboste hellingen van de ingesneden valleien in de Ardennen te herstellen. Door te werken aan de bovenloop van de stroomgebieden, hoopt het project de waterkwaliteit van de Ardense rivieren te verbeteren en een ecologisch continu\u00fcm te herstellen dat gunstig is voor deze habitats en soorten van communautair belang. Dit is bovendien het eerste LIFE-project in Walloni\u00eb dat een globale ecologische restauratie van valleien aanpakt.<\/p>\n<p>Een budget van 8.975.945 \u20ac is gezamenlijk gefinancierd door Walloni\u00eb (40%) en de Europese Commissie (60%) om de acties van het project te realiseren.<\/p>\n<p>Het project is een initiatief van de vzw Domaine de B\u00e9rinzenne, in nauwe samenwerking met de Openbare Dienst van Walloni\u00eb \u2013 Landbouw, Natuurlijke Hulpbronnen &amp; Milieu (SPW-ARNE). Drie natuurparken (Natuurpark Deux Ourthes, Natuurpark Hoge Venen-Eifel, Natuurpark Sources) en twee provincies (Luik en Luxemburg) werken samen om de doelstellingen te bereiken. Ook talrijke externe actoren zijn betrokken bij het LIFE-project.<\/p>\n<p>De acties van het project zullen worden uitgevoerd op een werkgebied van 25.966 ha, verdeeld over 36 Natura 2000-sites.<\/p>\n<p>Het project zal ook synergie\u00ebn vertonen met het ge\u00efntegreerde LIFE Natuurproject Belgi\u00eb 2015-2023 (BNIP). Daarnaast sluit het aan bij het grootschalige Meta-project voor het herstel van veengebieden in Walloni\u00eb, uitgevoerd van 2002 tot 2020 via zes LIFE-projecten (Croix-Scaille, Veengebieden Hoge Venen, Veen Lomme, Saint-Hubert, Plateau des Tailles en Ardennen van Luik), gericht op het herstel van moerassige hoogvlaktes en open gebieden in dezelfde Ardense valleien. Het unieke aspect van het LIFE Vall\u00e9es ardennaises-project is de ecologische restauratie in de benedenloop van deze stroomgebieden.<\/p>\n<p><strong>DOELEN VAN ONS NATUURPARK<\/strong><\/p>\n<p>De twee mosselsoorten die door het project worden beschermd, zijn de parelmossel (<em>Margaritifera margaritifera<\/em>) en de dikkeschalige riviermossel (<em>Unio crassus<\/em>), die beide met uitsterven worden bedreigd in Walloni\u00eb.<\/p>\n","protected":false},"excerpt":{"rendered":"<p class=\"excerpt\">Ecologische restauratie van rivieren en bossen in de ingesneden valleien van de Ardennen<\/p>\n","protected":false},"author":1,"featured_media":4625,"template":"","categories":[],"project_type":[55],"class_list":["post-13613","project","type-project","status-publish","has-post-thumbnail","hentry","project_type-nature"],"acf":[],"yoast_head":"<!-- This site is optimized with the Yoast SEO plugin v27.4 - https:\/\/yoast.com\/product\/yoast-seo-wordpress\/ -->\n<title>Life Vall\u00e9es ardennaises (2020-2028) - Parc naturel Hautes Fagnes-Eifel<\/title>\n<meta name=\"robots\" content=\"index, follow, max-snippet:-1, max-image-preview:large, max-video-preview:-1\" \/>\n<link rel=\"canonical\" href=\"https:\/\/botrange.be\/nl\/project\/life-vallees-ardennaises-2020-2028\/\" \/>\n<meta property=\"og:locale\" content=\"nl_NL\" \/>\n<meta property=\"og:type\" content=\"article\" \/>\n<meta property=\"og:title\" content=\"Life Vall\u00e9es ardennaises (2020-2028) - Parc naturel Hautes Fagnes-Eifel\" \/>\n<meta property=\"og:description\" content=\"Ecologische restauratie van rivieren en bossen in de ingesneden valleien van de Ardennen\" \/>\n<meta property=\"og:url\" content=\"https:\/\/botrange.be\/nl\/project\/life-vallees-ardennaises-2020-2028\/\" \/>\n<meta property=\"og:site_name\" content=\"Parc naturel Hautes Fagnes-Eifel\" \/>\n<meta property=\"og:image\" content=\"https:\/\/botrange.be\/wp-content\/uploads\/2021\/11\/C9_Margaretifera_margaretifera_Cght_R.-CORS.jpg\" \/>\n\t<meta property=\"og:image:width\" content=\"1500\" \/>\n\t<meta property=\"og:image:height\" content=\"1000\" \/>\n\t<meta property=\"og:image:type\" content=\"image\/jpeg\" \/>\n<meta name=\"twitter:card\" content=\"summary_large_image\" \/>\n<meta name=\"twitter:label1\" content=\"Geschatte leestijd\" \/>\n\t<meta name=\"twitter:data1\" content=\"2 minuten\" \/>\n<script type=\"application\/ld+json\" class=\"yoast-schema-graph\">{\"@context\":\"https:\\\/\\\/schema.org\",\"@graph\":[{\"@type\":\"WebPage\",\"@id\":\"https:\\\/\\\/botrange.be\\\/nl\\\/project\\\/life-vallees-ardennaises-2020-2028\\\/\",\"url\":\"https:\\\/\\\/botrange.be\\\/nl\\\/project\\\/life-vallees-ardennaises-2020-2028\\\/\",\"name\":\"Life Vall\u00e9es ardennaises (2020-2028) - Parc naturel Hautes Fagnes-Eifel\",\"isPartOf\":{\"@id\":\"https:\\\/\\\/botrange.be\\\/nl\\\/#website\"},\"primaryImageOfPage\":{\"@id\":\"https:\\\/\\\/botrange.be\\\/nl\\\/project\\\/life-vallees-ardennaises-2020-2028\\\/#primaryimage\"},\"image\":{\"@id\":\"https:\\\/\\\/botrange.be\\\/nl\\\/project\\\/life-vallees-ardennaises-2020-2028\\\/#primaryimage\"},\"thumbnailUrl\":\"https:\\\/\\\/botrange.be\\\/wp-content\\\/uploads\\\/2021\\\/11\\\/C9_Margaretifera_margaretifera_Cght_R.-CORS.jpg\",\"datePublished\":\"2024-12-24T09:32:46+00:00\",\"breadcrumb\":{\"@id\":\"https:\\\/\\\/botrange.be\\\/nl\\\/project\\\/life-vallees-ardennaises-2020-2028\\\/#breadcrumb\"},\"inLanguage\":\"nl-NL\",\"potentialAction\":[{\"@type\":\"ReadAction\",\"target\":[\"https:\\\/\\\/botrange.be\\\/nl\\\/project\\\/life-vallees-ardennaises-2020-2028\\\/\"]}]},{\"@type\":\"ImageObject\",\"inLanguage\":\"nl-NL\",\"@id\":\"https:\\\/\\\/botrange.be\\\/nl\\\/project\\\/life-vallees-ardennaises-2020-2028\\\/#primaryimage\",\"url\":\"https:\\\/\\\/botrange.be\\\/wp-content\\\/uploads\\\/2021\\\/11\\\/C9_Margaretifera_margaretifera_Cght_R.-CORS.jpg\",\"contentUrl\":\"https:\\\/\\\/botrange.be\\\/wp-content\\\/uploads\\\/2021\\\/11\\\/C9_Margaretifera_margaretifera_Cght_R.-CORS.jpg\",\"width\":1500,\"height\":1000,\"caption\":\"Margaretifera\"},{\"@type\":\"BreadcrumbList\",\"@id\":\"https:\\\/\\\/botrange.be\\\/nl\\\/project\\\/life-vallees-ardennaises-2020-2028\\\/#breadcrumb\",\"itemListElement\":[{\"@type\":\"ListItem\",\"position\":1,\"name\":\"Accueil\",\"item\":\"https:\\\/\\\/botrange.be\\\/nl\\\/\"},{\"@type\":\"ListItem\",\"position\":2,\"name\":\"Projects\",\"item\":\"https:\\\/\\\/botrange.be\\\/nl\\\/project\\\/\"},{\"@type\":\"ListItem\",\"position\":3,\"name\":\"Life Vall\u00e9es ardennaises (2020-2028)\"}]},{\"@type\":\"WebSite\",\"@id\":\"https:\\\/\\\/botrange.be\\\/nl\\\/#website\",\"url\":\"https:\\\/\\\/botrange.be\\\/nl\\\/\",\"name\":\"Parc naturel Hautes Fagnes-Eifel\",\"description\":\"50 ANS 1971-2021\",\"publisher\":{\"@id\":\"https:\\\/\\\/botrange.be\\\/nl\\\/#organization\"},\"potentialAction\":[{\"@type\":\"SearchAction\",\"target\":{\"@type\":\"EntryPoint\",\"urlTemplate\":\"https:\\\/\\\/botrange.be\\\/nl\\\/?s={search_term_string}\"},\"query-input\":{\"@type\":\"PropertyValueSpecification\",\"valueRequired\":true,\"valueName\":\"search_term_string\"}}],\"inLanguage\":\"nl-NL\"},{\"@type\":\"Organization\",\"@id\":\"https:\\\/\\\/botrange.be\\\/nl\\\/#organization\",\"name\":\"Parc naturel Hautes Fagnes-Eifel\",\"url\":\"https:\\\/\\\/botrange.be\\\/nl\\\/\",\"logo\":{\"@type\":\"ImageObject\",\"inLanguage\":\"nl-NL\",\"@id\":\"https:\\\/\\\/botrange.be\\\/nl\\\/#\\\/schema\\\/logo\\\/image\\\/\",\"url\":\"https:\\\/\\\/botrange.be\\\/wp-content\\\/uploads\\\/2021\\\/06\\\/logo.svg\",\"contentUrl\":\"https:\\\/\\\/botrange.be\\\/wp-content\\\/uploads\\\/2021\\\/06\\\/logo.svg\",\"caption\":\"Parc naturel Hautes Fagnes-Eifel\"},\"image\":{\"@id\":\"https:\\\/\\\/botrange.be\\\/nl\\\/#\\\/schema\\\/logo\\\/image\\\/\"}}]}<\/script>\n<!-- \/ Yoast SEO plugin. -->","yoast_head_json":{"title":"Life Vall\u00e9es ardennaises (2020-2028) - Parc naturel Hautes Fagnes-Eifel","robots":{"index":"index","follow":"follow","max-snippet":"max-snippet:-1","max-image-preview":"max-image-preview:large","max-video-preview":"max-video-preview:-1"},"canonical":"https:\/\/botrange.be\/nl\/project\/life-vallees-ardennaises-2020-2028\/","og_locale":"nl_NL","og_type":"article","og_title":"Life Vall\u00e9es ardennaises (2020-2028) - Parc naturel Hautes Fagnes-Eifel","og_description":"Ecologische restauratie van rivieren en bossen in de ingesneden valleien van de Ardennen","og_url":"https:\/\/botrange.be\/nl\/project\/life-vallees-ardennaises-2020-2028\/","og_site_name":"Parc naturel Hautes Fagnes-Eifel","og_image":[{"width":1500,"height":1000,"url":"https:\/\/botrange.be\/wp-content\/uploads\/2021\/11\/C9_Margaretifera_margaretifera_Cght_R.-CORS.jpg","type":"image\/jpeg"}],"twitter_card":"summary_large_image","twitter_misc":{"Geschatte leestijd":"2 minuten"},"schema":{"@context":"https:\/\/schema.org","@graph":[{"@type":"WebPage","@id":"https:\/\/botrange.be\/nl\/project\/life-vallees-ardennaises-2020-2028\/","url":"https:\/\/botrange.be\/nl\/project\/life-vallees-ardennaises-2020-2028\/","name":"Life Vall\u00e9es ardennaises (2020-2028) - Parc naturel Hautes Fagnes-Eifel","isPartOf":{"@id":"https:\/\/botrange.be\/nl\/#website"},"primaryImageOfPage":{"@id":"https:\/\/botrange.be\/nl\/project\/life-vallees-ardennaises-2020-2028\/#primaryimage"},"image":{"@id":"https:\/\/botrange.be\/nl\/project\/life-vallees-ardennaises-2020-2028\/#primaryimage"},"thumbnailUrl":"https:\/\/botrange.be\/wp-content\/uploads\/2021\/11\/C9_Margaretifera_margaretifera_Cght_R.-CORS.jpg","datePublished":"2024-12-24T09:32:46+00:00","breadcrumb":{"@id":"https:\/\/botrange.be\/nl\/project\/life-vallees-ardennaises-2020-2028\/#breadcrumb"},"inLanguage":"nl-NL","potentialAction":[{"@type":"ReadAction","target":["https:\/\/botrange.be\/nl\/project\/life-vallees-ardennaises-2020-2028\/"]}]},{"@type":"ImageObject","inLanguage":"nl-NL","@id":"https:\/\/botrange.be\/nl\/project\/life-vallees-ardennaises-2020-2028\/#primaryimage","url":"https:\/\/botrange.be\/wp-content\/uploads\/2021\/11\/C9_Margaretifera_margaretifera_Cght_R.-CORS.jpg","contentUrl":"https:\/\/botrange.be\/wp-content\/uploads\/2021\/11\/C9_Margaretifera_margaretifera_Cght_R.-CORS.jpg","width":1500,"height":1000,"caption":"Margaretifera"},{"@type":"BreadcrumbList","@id":"https:\/\/botrange.be\/nl\/project\/life-vallees-ardennaises-2020-2028\/#breadcrumb","itemListElement":[{"@type":"ListItem","position":1,"name":"Accueil","item":"https:\/\/botrange.be\/nl\/"},{"@type":"ListItem","position":2,"name":"Projects","item":"https:\/\/botrange.be\/nl\/project\/"},{"@type":"ListItem","position":3,"name":"Life Vall\u00e9es ardennaises (2020-2028)"}]},{"@type":"WebSite","@id":"https:\/\/botrange.be\/nl\/#website","url":"https:\/\/botrange.be\/nl\/","name":"Parc naturel Hautes Fagnes-Eifel","description":"50 ANS 1971-2021","publisher":{"@id":"https:\/\/botrange.be\/nl\/#organization"},"potentialAction":[{"@type":"SearchAction","target":{"@type":"EntryPoint","urlTemplate":"https:\/\/botrange.be\/nl\/?s={search_term_string}"},"query-input":{"@type":"PropertyValueSpecification","valueRequired":true,"valueName":"search_term_string"}}],"inLanguage":"nl-NL"},{"@type":"Organization","@id":"https:\/\/botrange.be\/nl\/#organization","name":"Parc naturel Hautes Fagnes-Eifel","url":"https:\/\/botrange.be\/nl\/","logo":{"@type":"ImageObject","inLanguage":"nl-NL","@id":"https:\/\/botrange.be\/nl\/#\/schema\/logo\/image\/","url":"https:\/\/botrange.be\/wp-content\/uploads\/2021\/06\/logo.svg","contentUrl":"https:\/\/botrange.be\/wp-content\/uploads\/2021\/06\/logo.svg","caption":"Parc naturel Hautes Fagnes-Eifel"},"image":{"@id":"https:\/\/botrange.be\/nl\/#\/schema\/logo\/image\/"}}]}},"_links":{"self":[{"href":"https:\/\/botrange.be\/nl\/wp-json\/wp\/v2\/project\/13613","targetHints":{"allow":["GET"]}}],"collection":[{"href":"https:\/\/botrange.be\/nl\/wp-json\/wp\/v2\/project"}],"about":[{"href":"https:\/\/botrange.be\/nl\/wp-json\/wp\/v2\/types\/project"}],"author":[{"embeddable":true,"href":"https:\/\/botrange.be\/nl\/wp-json\/wp\/v2\/users\/1"}],"version-history":[{"count":0,"href":"https:\/\/botrange.be\/nl\/wp-json\/wp\/v2\/project\/13613\/revisions"}],"wp:featuredmedia":[{"embeddable":true,"href":"https:\/\/botrange.be\/nl\/wp-json\/wp\/v2\/media\/4625"}],"wp:attachment":[{"href":"https:\/\/botrange.be\/nl\/wp-json\/wp\/v2\/media?parent=13613"}],"wp:term":[{"taxonomy":"category","embeddable":true,"href":"https:\/\/botrange.be\/nl\/wp-json\/wp\/v2\/categories?post=13613"},{"taxonomy":"project_type","embeddable":true,"href":"https:\/\/botrange.be\/nl\/wp-json\/wp\/v2\/project_type?post=13613"}],"curies":[{"name":"wp","href":"https:\/\/api.w.org\/{rel}","templated":true}]}}

Life Vallées ardennaises (2020-2028)

<h2><strong>Ecologische restauratie van rivieren en bossen in de ingesneden valleien van de Ardennen</strong></h2>
<p>LIFE Natuur en Biodiversiteit &#8220;Ecologische restauratie van rivieren en bossen in de ingesneden valleien van de stroomgebieden van de Ourthe, Amblève, Vesder en Our&#8221; (2020-2028) is een project dat tot doel heeft de oevers, overstromingsgebieden en beboste hellingen van de ingesneden valleien in de Ardennen te herstellen. Door te werken aan de bovenloop van de stroomgebieden, hoopt het project de waterkwaliteit van de Ardense rivieren te verbeteren en een ecologisch continuüm te herstellen dat gunstig is voor deze habitats en soorten van communautair belang. Dit is bovendien het eerste LIFE-project in Wallonië dat een globale ecologische restauratie van valleien aanpakt.</p>
<p>Een budget van 8.975.945 € is gezamenlijk gefinancierd door Wallonië (40%) en de Europese Commissie (60%) om de acties van het project te realiseren.</p>
<p>Het project is een initiatief van de vzw Domaine de Bérinzenne, in nauwe samenwerking met de Openbare Dienst van Wallonië – Landbouw, Natuurlijke Hulpbronnen &amp; Milieu (SPW-ARNE). Drie natuurparken (Natuurpark Deux Ourthes, Natuurpark Hoge Venen-Eifel, Natuurpark Sources) en twee provincies (Luik en Luxemburg) werken samen om de doelstellingen te bereiken. Ook talrijke externe actoren zijn betrokken bij het LIFE-project.</p>
<p>De acties van het project zullen worden uitgevoerd op een werkgebied van 25.966 ha, verdeeld over 36 Natura 2000-sites.</p>
<p>Het project zal ook synergieën vertonen met het geïntegreerde LIFE Natuurproject België 2015-2023 (BNIP). Daarnaast sluit het aan bij het grootschalige Meta-project voor het herstel van veengebieden in Wallonië, uitgevoerd van 2002 tot 2020 via zes LIFE-projecten (Croix-Scaille, Veengebieden Hoge Venen, Veen Lomme, Saint-Hubert, Plateau des Tailles en Ardennen van Luik), gericht op het herstel van moerassige hoogvlaktes en open gebieden in dezelfde Ardense valleien. Het unieke aspect van het LIFE Vallées ardennaises-project is de ecologische restauratie in de benedenloop van deze stroomgebieden.</p>
<p><strong>DOELEN VAN ONS NATUURPARK</strong></p>
<p>De twee mosselsoorten die door het project worden beschermd, zijn de parelmossel (<em>Margaritifera margaritifera</em>) en de dikkeschalige riviermossel (<em>Unio crassus</em>), die beide met uitsterven worden bedreigd in Wallonië.</p>

<!-- This site is optimized with the Yoast SEO plugin v27.4 - https://yoast.com/product/yoast-seo-wordpress/ -->
<title>Life Vallées ardennaises (2020-2028) - Parc naturel Hautes Fagnes-Eifel</title>
<meta name="robots" content="index, follow, max-snippet:-1, max-image-preview:large, max-video-preview:-1" />
<link rel="canonical" href="https://botrange.be/nl/project/life-vallees-ardennaises-2020-2028/" />
<meta property="og:locale" content="nl_NL" />
<meta property="og:type" content="article" />
<meta property="og:title" content="Life Vallées ardennaises (2020-2028) - Parc naturel Hautes Fagnes-Eifel" />
<meta property="og:description" content="Ecologische restauratie van rivieren en bossen in de ingesneden valleien van de Ardennen" />
<meta property="og:url" content="https://botrange.be/nl/project/life-vallees-ardennaises-2020-2028/" />
<meta property="og:site_name" content="Parc naturel Hautes Fagnes-Eifel" />
<meta property="og:image" content="https://botrange.be/wp-content/uploads/2021/11/C9_Margaretifera_margaretifera_Cght_R.-CORS.jpg" />
	<meta property="og:image:width" content="1500" />
	<meta property="og:image:height" content="1000" />
	<meta property="og:image:type" content="image/jpeg" />
<meta name="twitter:card" content="summary_large_image" />
<meta name="twitter:label1" content="Geschatte leestijd" />
	<meta name="twitter:data1" content="2 minuten" />
<script type="application/ld+json" class="yoast-schema-graph">{"@context":"https:\/\/schema.org","@graph":[{"@type":"WebPage","@id":"https:\/\/botrange.be\/nl\/project\/life-vallees-ardennaises-2020-2028\/","url":"https:\/\/botrange.be\/nl\/project\/life-vallees-ardennaises-2020-2028\/","name":"Life Vallées ardennaises (2020-2028) - Parc naturel Hautes Fagnes-Eifel","isPartOf":{"@id":"https:\/\/botrange.be\/nl\/#website"},"primaryImageOfPage":{"@id":"https:\/\/botrange.be\/nl\/project\/life-vallees-ardennaises-2020-2028\/#primaryimage"},"image":{"@id":"https:\/\/botrange.be\/nl\/project\/life-vallees-ardennaises-2020-2028\/#primaryimage"},"thumbnailUrl":"https:\/\/botrange.be\/wp-content\/uploads\/2021\/11\/C9_Margaretifera_margaretifera_Cght_R.-CORS.jpg","datePublished":"2024-12-24T09:32:46+00:00","breadcrumb":{"@id":"https:\/\/botrange.be\/nl\/project\/life-vallees-ardennaises-2020-2028\/#breadcrumb"},"inLanguage":"nl-NL","potentialAction":[{"@type":"ReadAction","target":["https:\/\/botrange.be\/nl\/project\/life-vallees-ardennaises-2020-2028\/"]}]},{"@type":"ImageObject","inLanguage":"nl-NL","@id":"https:\/\/botrange.be\/nl\/project\/life-vallees-ardennaises-2020-2028\/#primaryimage","url":"https:\/\/botrange.be\/wp-content\/uploads\/2021\/11\/C9_Margaretifera_margaretifera_Cght_R.-CORS.jpg","contentUrl":"https:\/\/botrange.be\/wp-content\/uploads\/2021\/11\/C9_Margaretifera_margaretifera_Cght_R.-CORS.jpg","width":1500,"height":1000,"caption":"Margaretifera"},{"@type":"BreadcrumbList","@id":"https:\/\/botrange.be\/nl\/project\/life-vallees-ardennaises-2020-2028\/#breadcrumb","itemListElement":[{"@type":"ListItem","position":1,"name":"Accueil","item":"https:\/\/botrange.be\/nl\/"},{"@type":"ListItem","position":2,"name":"Projects","item":"https:\/\/botrange.be\/nl\/project\/"},{"@type":"ListItem","position":3,"name":"Life Vallées ardennaises (2020-2028)"}]},{"@type":"WebSite","@id":"https:\/\/botrange.be\/nl\/#website","url":"https:\/\/botrange.be\/nl\/","name":"Parc naturel Hautes Fagnes-Eifel","description":"50 ANS 1971-2021","publisher":{"@id":"https:\/\/botrange.be\/nl\/#organization"},"potentialAction":[{"@type":"SearchAction","target":{"@type":"EntryPoint","urlTemplate":"https:\/\/botrange.be\/nl\/?s={search_term_string}"},"query-input":{"@type":"PropertyValueSpecification","valueRequired":true,"valueName":"search_term_string"}}],"inLanguage":"nl-NL"},{"@type":"Organization","@id":"https:\/\/botrange.be\/nl\/#organization","name":"Parc naturel Hautes Fagnes-Eifel","url":"https:\/\/botrange.be\/nl\/","logo":{"@type":"ImageObject","inLanguage":"nl-NL","@id":"https:\/\/botrange.be\/nl\/#\/schema\/logo\/image\/","url":"https:\/\/botrange.be\/wp-content\/uploads\/2021\/06\/logo.svg","contentUrl":"https:\/\/botrange.be\/wp-content\/uploads\/2021\/06\/logo.svg","caption":"Parc naturel Hautes Fagnes-Eifel"},"image":{"@id":"https:\/\/botrange.be\/nl\/#\/schema\/logo\/image\/"}}]}</script>
<!-- / Yoast SEO plugin. -->

Life Vallées ardennaises (2020-2028) - Parc naturel Hautes Fagnes-Eifel
